Does 40 divide 30956?
False
Is 11 a factor of 2638?
False
Is 42280 a multiple of 39?
False
Is 1856 a multiple of 74?
False
Does 83 divide 14193?
True
Is 22 a factor of 228?
False
Does 38 divide 1206?
False
Is 728 a multiple of 8?
True
Is 4198 a multiple of 72?
False
Does 11 divide 396?
True
Does 12 divide 46700?
False
Is 951 a multiple of 6?
False
Does 7 divide 672?
True
Does 25 divide 1250?
True
Does 49 divide 15190?
True
Is 3 a factor of 3452?
False
Does 120 divide 2400?
True
Is 6049 a multiple of 33?
False
Is 2380 a multiple of 10?
True
Does 7 divide 416?
False
Is 283 a factor of 7874?
False
Is 14093 a multiple of 29?
False
Is 31 a factor of 1209?
True
Does 131 divide 55739?
False
Is 10342 a multiple of 14?
False
Does 23 divide 1104?
True
Does 16 divide 91632?
True
Does 9 divide 418?
False
Is 11187 a multiple of 9?
True
Is 788 a multiple of 14?
False
Is 2 a factor of 222?
True
Does 47 divide 13427?
False
Does 12 divide 10453?
False
Does 3 divide 3198?
True
Is 363 a factor of 64328?
False
Is 58 a factor of 2842?
True
Does 11 divide 154?
True
Is 19 a factor of 2660?
True
Does 60 divide 907?
False
Does 37 divide 511?
False
Does 9 divide 6525?
True
Is 15984 a multiple of 7?
False
Is 32 a factor of 3744?
True
Does 27 divide 1809?
True
Is 16 a factor of 341?
False
Is 42 a factor of 141?
False
Is 5 a factor of 858?
False
Is 32 a factor of 29248?
True
Is 28 a factor of 476?
True
Is 33 a factor of 1257?
False
Does 131 divide 66212?
False
Is 19 a factor of 1368?
True
Does 3 divide 720?
True
Is 22 a factor of 946?
True
Is 464 a multiple of 16?
True
Is 70 a factor of 34076?
False
Does 38 divide 7980?
True
Is 31 a factor of 798?
False
Is 69 a factor of 659?
False
Is 15301 a multiple of 234?
False
Does 3 divide 99?
True
Does 3 divide 143?
False
Is 506 a multiple of 2?
True
Is 166 a multiple of 27?
False
Does 42 divide 645?
False
Is 50 a factor of 1550?
True
Is 1644 a multiple of 12?
True
Is 1284 a multiple of 15?
False
Is 33 a factor of 16020?
False
Does 99 divide 71676?
True
Is 118 a factor of 15717?
False
Is 151616 a multiple of 39?
False
Does 10 divide 68051?
False
Is 3330 a multiple of 74?
True
Is 22 a factor of 57904?
True
Is 14 a factor of 49687?
False
Is 5625 a multiple of 15?
True
Is 49 a factor of 186?
False
Is 248 a multiple of 31?
True
Does 9 divide 144?
True
Is 325 a multiple of 3?
False
Does 118 divide 108088?
True
Is 49 a factor of 1029?
True
Is 140 a multiple of 5?
True
Does 61 divide 42030?
False
Is 10 a factor of 19809?
False
Does 11 divide 7117?
True
Is 87 a factor of 2349?
True
Does 7 divide 589?
False
Is 518 a multiple of 67?
False
Is 26376 a multiple of 42?
True
Is 952 a multiple of 14?
True
Is 18 a factor of 38160?
True
Does 47 divide 82015?
True
Does 75 divide 1535?
False
Is 5627 a multiple of 17?
True
Is 145 a factor of 1380?
False
Is 998 a multiple of 2?
True
Does 27 divide 19191?
False
Is 4550 a multiple of 91?
True
Is 5865 a multiple of 115?
True
Does 9 divide 17856?
True
Does 110 divide 511?
False
Is 13230 a multiple of 54?
True
Is 4276 a multiple of 4?
True
Does 7 divide 8057?
True
Does 13 divide 7492?
False
Is 266 a factor of 38836?
True
Is 99 a factor of 891?
True
Is 19 a factor of 1111?
False
Is 45 a factor of 20039?
False
Is 47 even?
False
Is 1920 a multiple of 80?
True
Is 21 a factor of 3129?
True
Does 3 divide 248?
False
Does 10 divide 2715?
False
Does 17 divide 1226?
False
Does 8 divide 545?
False
Is 65 even?
False
Is 10 a factor of 22480?
True
Is 80 a multiple of 20?
True
Does 55 divide 385?
True
Is 23 a factor of 30613?
True
Is 256 a multiple of 16?
True
Does 16 divide 2512?
True
Is 1822 a multiple of 22?
False
Is 382 a multiple of 33?
False
Is 55 a factor of 30188?
False
Is 15 a factor of 6128?
False
Is 17495 a multiple of 32?
False
Is 5 a factor of 7?
False
Does 42 divide 1147?
False
Is 145 a factor of 103240?
True
Is 204 a multiple of 17?
True
Is 1421 a multiple of 29?
True
Is 596 a multiple of 13?
False
Is 48 a multiple of 3?
True
Is 1011 a multiple of 8?
False
Is 40552 a multiple of 548?
True
Does 11 divide 33?
True
Does 15 divide 179?
False
Is 15029 a multiple of 23?
False
Is 30 a factor of 792?
False
Does 54 divide 147710?
False
Does 254 divide 379?
False
Is 469 a multiple of 67?
True
Does 143 divide 11297?
True
Is 3 a factor of 8129?
False
Is 212 a multiple of 22?
False
Does 44 divide 59356?
True
Is 21 a factor of 1055?
False
Is 26 a factor of 9230?
True
Does 12 divide 22886?
False
Is 6800 a multiple of 21?
False
Is 393 a factor of 104301?
False
Is 10 a factor of 53450?
True
Is 65 a factor of 3510?
True
Is 9 a factor of 1072?
False
Does 20 divide 460?
True
Is 191 a factor of 59401?
True
Is 15 a factor of 450?
True
Is 15 a factor of 678?
False
Is 698 a multiple of 2?
True
Is 10 a factor of 6230?
True
Does 37 divide 1591?
True
Is 9177 a multiple of 24?
False
Does 13 divide 845?
True
Is 47383 a multiple of 283?
False
Is 529 a multiple of 7?
False
Is 15 a factor of 1221?
False
Is 325 a multiple of 25?
True
Does 12 divide 36270?
False
Is 42 a factor of 63840?
True
Is 79 a factor of 2449?
True
Is 1379 a multiple of 17?
False
Is 22 a factor of 1408?
True
Is 82 a factor of 570?
False
Does 8 divide 2942?
False
Does 12 divide 158004?
True
Does 163 divide 3043?
False
Is 19 a factor of 8160?
False
Is 224 a multiple of 32?
True
Is 6 a factor of 419?
False
Is 6 a factor of 1212?
True
Is 10299 a multiple of 4?
False
Is 64 a factor of 2368?
True
Is 11765 a multiple of 9?
False
Is 44221 a multiple of 16?
False
Is 5 a factor of 215?
True
Does 42 divide 425?
False
Is 7920 a multiple of 180?
True
Is 1181 a multiple of 34?
False
Does 5 divide 435?
True
Is 4404 a multiple of 12?
True
Does 77 divide 539?
True
Does 38 divide 6800?
False
Is 3082 a multiple of 54?
False
Is 21318 a multiple of 114?
True
Does 7 divide 1197?
True
Is 31 a factor of 6913?
True
Is 255 a multiple of 4?
False
Is 2988 a multiple of 48?
False
Does 16 divide 7102?
False
Is 7107 a multiple of 309?
True
Is 10042 a multiple of 9?
False
Is 798 a multiple of 21?
True
Is 8312 a multiple of 7?
False
Is 35592 a multiple of 62?
False
Is 973 a multiple of 12?
False
Does 39 divide 1950?
True
Does 76 divide 49780?
True
Is 1026 a multiple of 88?
False
Does 22 divide 198?
True
Is 341 a multiple of 72?
False
Is 1008 a multiple of 28?
True
Does 27 divide 16509?
False
Is 7 a factor of 371?
True
Is 37 a multiple of 2?
False
Is 49 a factor of 3455?
False
Is 43 a factor of 2193?
True
Is 168 a multiple of 14?
True
Is 26 a factor of 2735?
False
Does 13 divide 1872?
True
Does 4 divide 215?
False
Does 8 divide 5088?
True
Is 25 a factor of 54?
False
Is 756 a multiple of 18?
True
Does 54 divide 23868?
True
Is 2190 a multiple of 10?
True
Is 960 a multiple of 16?
True
Is 426 a multiple of 91?
False
Is 243 a factor of 59049?
True
Is 22860 a multiple of 127?
True
Is 3272 a multiple of 18?
False
Is 11 a factor of 2176?
False
Is 65 a multiple of 12?
False
Does 11 divide 9726?
False
Is 10 a factor of 1270?
True
Is 8460 a multiple of 16?
False
Does 235 divide 37964?
False
Is 3850 a multiple of 110?
True
Is 33 a factor of 627?
True
Is 24 a factor of 5520?
True
Is 264 a multiple of 33?
True
Is 87132 a multiple of 159?
True
Is 1026 a multiple of 6?
True
Is 9 a factor of 9558?
True
Does 67 divide 10519?
True
Is 674 a multiple of 7?
False
Does 12 divide 5021?
False
Does 15 divide 198?
False
Is 56847 a multiple of 185?
False
Does 21 divide 42?
True
Is 282 a factor of 35310?
False
Is 11 a factor of 18954?
False
Is 3417 even?
False
Is 32 a factor of 1459?
False
Is 20 a factor of 6273?
False
Is 51 a factor of 5661?
True
Is 25 a factor of 20125?
True
Is 74 a factor of 27136?
False
Is 1498 a multiple of 21?
False
Is 3917 a multiple of 43?
False
Is 99 a factor of 50490?
True
Does 11 divide 17985?
True
Is 256 a multiple of 64?
True
Is 20 a factor of 5658?
False
Does 68 divide 136?
True
Is 20 a factor of 92239?
False
Does 2 divide 503?
False
Is 21384 a multiple of 108?
True
Is 17180 a multiple of 23?
False
Is 11 a factor of 72072?
True
Is 236 a multiple of 6?
False
Is 7124 a multiple of 5?
False
Is 1148 a multiple of 41?
True
Is 68 a factor of 680?
True
Is 4818 a multiple of 22?
True
Is 2970 a multiple of 68?
False
Does 21 divide 1012?
False
Does 5 divide 2469?
False
Is 1325 a multiple of 17?
False
Is 36